46 - -7).
28
What is the value of -735 + 744 + (-10 - -1) + 1 + (-9 - -3)?
-5
Calculate -2 + 3 + 30 + 7 - (-1 + 3 - 13).
49
Calculate 20 + 69 - 69 - (55 + 1).
-36
What is -1 + 0 + -29 + 125 + -153?
-58
What is the value of -144 + 131 + -68 + 62?
-19
-5 + 14 + -9 + 5 + (-7 + 8 - 8)
-2
What is (-20 - (-45 + -14 + 2 + 28)) + (0 - 33)?
-24
Evaluate -910 - -872 - (-71 + 0).
33
Evaluate 919 - 991 - (8 - (2 + -1)) - (-3 - 1).
-75
Calculate 65 + (-85 - -52) - 15 - (71 + 1).
-55
Evaluate 0 + -75 + (-1 - 0) + (37 + 5 - 31).
-65
What is 78 + (4 - 8) - 40?
34
5 + -94 + 165 + -38
38
51 + 2 + (194 - 227)
20
Calculate (87 - -34) + (-113 - -26).
34
Calculate 43 + 0 - (711 + -658).
-10
What is (-5 - (-55 + 15)) + -9?
26
-3 - ((-2 + 10 - (-26 + 7 + 72)) + 6)
36
Evaluate 11 + (-56 - 0 - -12).
-33
-43 - (-6 + -30 + 2)
-9
-1 + 1 - (21 + (28 + -9 - (75 + 2)))
37
7 + -3 - (-127 + 46 - -54)
31
What is (-2 - 47) + (-21 - ((85 - 48) + -76))?
-31
Evaluate -18 + (41 - 24) + (-8 - (6 + -7)) - -16.
8
What is 5 - (26 - (-1 - -10 - (-77 - -82)))?
-17
1 - (-59 - (-2 - 30)) - 138
-110
-41 - (13 - 42 - (-32 + 6))
-38
What is the value of 9 + 4 + (7 + 14 - 24) + -71?
-61
Evaluate 35 + (2 - (6 - 0)) + (-475 - -494).
50
What is the value of 13 - (-11 + 36 + 6) - (0 - (-3 - -12))?
-9
Evaluate (-5 - (24 + (-15 - 49))) + -21 - -44.
58
What is the value of 31 + -51 + -10 + -8?
-38
Evaluate -11 + (15 - 66) - ((12 + -11 - 8) + 1).
-56
Evaluate (0 - (0 - -5)) + -38 + 4 + -5.
-44
Evaluate 32 - (12 + (24 - (35 + 76))).
107
25 + (22 - 11 - 16) + 4 + -11 + -48
-35
Evaluate -5 + (-1 - (4 - 4)) + -5 + -18 + 92.
63
Calculate (99 + -45 - 41) + -29.
-16
Evaluate (3 - (11 + 104)) + 49 - -20.
-43
Calculate 0 - (-70 - (-3 + -187 + 180 + (7 - -1))).
68
What is (1 - 2) + (2 - (-2 + 5 - 56))?
54
(-35 + 44 - (19 - 28)) + -84
-66
What is 4 - -6 - (14 + -48)?
44
-25 + (-6 - (10 + -30)) - (1 + 30)
-42
Evaluate (209 + -61 - 133) + (1 - (0 - 34)).
50
What is the value of -1 + -11 - ((-7 - -89) + 20 + -17 + -7)?
-90
What is 144 - 9 - (277 - 220)?
78
Evaluate 257 + -272 + 50 + -119.
-84
56 + (0 - -2) - ((16 - 0) + -1002 + 981)
63
What is the value of (37 - 87) + 35 + -61?
-76
Calculate 1157 + -1154 + 18 + (1 - -1) + 2.
25
Calculate -12 - ((-6 - -43) + (18 - 7) + -11).
-49
What is -105 + (136 - -33) + -49?
15
What is -13 + (-1 + 16 - 6) - 9?
-13
Calculate 4 - 31 - (1 + -1 - (-33 - (-35 + 6))).
-31
-7 + 6 - (-3 - -11) - (-1 - (28 + -1))
19
Calculate 21 - (50 + (-7 - -23)).
-45
Calculate -157 + 204 - (8 - (0 + 5)).
44
Evaluate -153 - (-8 + (-107 - -18)).
-56
Calculate 1 + 164 + -6793 + 6685.
57
What is 87 - (16 + -27 - (-26 - 3))?
69
(27 - (-1 + -18)) + -23 + (-18 - -20)
25
What is the value of (-60 - (-18 - 42) - (0 + -25)) + 46?
71
What is the value of (-1 - (47 + -23)) + (23 - 12)?
-14
(4 - -17) + -7 - (33 - (1 + -2))
-20
What is -50 - -177 - 72 - 141?
-86
Evaluate (12 - (31 + -33)) + (-13 - (2 - 4)).
3
Calculate (-7 - 0) + (28 - (19 + 12)) - (37 + -10).
-37
Evaluate -11 + -1 + 106 + -95 + 38 + 0.
37
(14 - -1) + -72 + 66 + 7 - 12
4
Evaluate -57 + (1 - -4 - ((-2 - 10 - -12) + 10)).
-62
What is -10 - (-4 - 4) - 68 - -9 - -8 - 2?
-55
What is the value of -24 + 65 + -23 - ((-6 - -5) + -5)?
24
Calculate (34 - -72 - 29) + -36.
41
What is the value of -51 + 62 - (6 + 2 + 61 - 9)?
-49
Evaluate 56 + (-6 - -6) + -8 + 14 + -20.
42
What is -7 - (13 - (-26 + 4))?
-42
Evaluate (75 - (113 - 20)) + (0 - -5).
-13
What is the value of (-86 - 111 - -203) + 0 + 7 + 0?
13
Calculate 80 - -27 - -23 - 89.
41
97 + -79 + (-48 - -12)
-18
-30 + 87 + -60 - (-2 - -2 - -2) - -7
2
Evaluate 2 + (-9 - 0) + (-85 - -74 - (0 - -37)).
-55
Calculate (45 - (56 + -19)) + -43.
-35
Evaluate -28 - (15 + -16 - 9) - (5 - 75).
52
65 + (-79 - 46) + 15
-45
What is 95 - ((-4 - -5) + -28 + 47 - 4)?
79
Calculate 219 + (16 - 119 - 16).
100
What is the value of 23 + -9 + (8 + -4 - 9) + 1?
10
Calculate -526 + 430 - (0 + -84).
-12
What is the value of 1 + 14 + -32 - (0 - 16)?
-1
What is 9 + -15 + (16 + -19 - 34)?
-43
What is the value of -1 - -5 - (-3639 - -3649)?
-6
Calculate (-57 - 40 - -73) + -10.
-34
What is the value of 339 + -111 + -137 - 190?
-99
Calculate 2 + -14 + 4 + -6 - -130 - (7 - -7).
102
Calculate -4 + -30 + 23 + -14.
-25
Calculate (103 - 137) + -28 + 61.
-1
What is (-72 + 94 - 34) + (1 + 0 - -57)?
46
Calculate (31 - 27) + (6 - 11 - 0 - 8).
-9
13 + (14 - (-8 - -1 - (-128 + -16 + 31)))
-79
What is -1 - -11 - (-356 - -352) - 9 - 52?
-47
(-44 - (-15 - 68)) + -59
-20
Calculate (22 - (6 - 14)) + (47 - 50).
27
What is (53 - (19 + 26)) + 16 + 3?
27
-4 + 15 + 19 + -41 + (20 - 9)
0
What is the value of -18 - ((-3 - (5 + -9 + 11)) + 2) - 26?
-36
What is the value of -75 - -42 - (-6 + 1) - -26?
-2
Evaluate -670 + 709 + 17 + 2.
58
Calculate -10 + -29 + (-1 - -26) + 22.
8
What is (7213 - 7280) + (-1 - -57)?
-11
Calculate (-26 - -65 - 64) + 6 + 74.
55
What is -152 - (39 - -70 - 219)?
-42
Calculate (49 - 20 - 3) + 26 - -27.
79
What is the value of -7 + 2 + -39 + -4 + 42 + -114 + -9?
-129
-1 + 30 - (-65 + 3) - 29
62
What is the value of 72 - (-11 - (135 - 148))?
70
Calculate (17 - 8) + (-12 - -4 - -2) + -7 - -14.
10
22 + 21 + 1 + -47
-3
Evaluate 6745 - 6721 - (-2 - (-23 - -3)).
6
What is the value of 10 + -16 + -10 + (-15 - 10) - 13?
-54
Calculate (17 - 44 - ((2 - 5) + -11)) + 48.
35
Calculate 12 + -19 + 36 + (4 - 1) + 4.
36
Evaluate 12 - ((-22 - -53) + -63).
44
Calculate 11 + (-24 - -12) + -16.
-17
What is -9 - -3 - -7 - (160 - (-8 - -6)) - -5?
-156
Evaluate 10 + 2 - (-4 - (-51 + 76) - 74).
115
Evaluate 6 - ((-36 - -1) + (-24 + -67 - -106)).
26
15 - (92 + -5 - (0 - -7)) - 13
-78
What is the value of (7 - -1) + 1 - ((32 - -28 - -47) + -30)?
-68
What is the value of (-1 - (-1 - -3 - 35)) + (8428 - 8440)?
20
5 + (8 - 61 - 14 - -11) - -23
-28
-23 - -39 - (60 + -58)
14
What is (1 + 3 - 7) + (353 - 327)?
23
-68 - 9 - -8 - -44 - -68
43
Evaluate 14 + 6 + (8 - 20) + (-3 + 2 - 5).
2
(3900 - 3880) + 0 + -17 + 0 + 18
21
What is 29 - (-9 + (-29 - (5 - 22)))?
50
Calculate -67 - (45 + -72 + (54 - 17)).
-77
What is the value of 91 - (-488 + 495 + (-28 - 3))?
115
Evaluate -3 - (-41 + 15) - 17.
6
-5 - (-3 - -31) - ((21 - 14) + 5)
-45
Evaluate -21 + -14 + (-31 - -6) + 17.
-43
Calculate -14 + -55 + (81 - 39) + -13.
-40
Evaluate 29 - (72 + -36 - 19).
12
(147 - 151 - (-22 - -7)) + 37 + 1
49
What is 2 + (-20 - -8) - 11 - (-4 + -2)?
-15
Calculate (-2 - -1) + (-244 - -254) + (4 - -52 - 3).
62
Evaluate (0 - 8) + -73 + -21 + 43 + -10.
-69
Calculate (-4 - -10) + 0 - (-643 + 568).
81
Evaluate -10 + 12 + 8 + -88 - 2.
-80
Evaluate -22 + -6 + 9 + (1 - (-2 - -7) - -11).
-12
Calculate 15 + 68 + -107 - (27 - 3 - 4).
-44
What is (652 - 621) + -1 + 8 - -14?
52
-77 - ((42 - 122) + 25)
-22
What is 35 + (5 + -18 + (13 - -13) - 1)?
47
Calculate (15 - 44) + 0 + 35 + 12 + -1.
17
What is 2 + (-3 - -2) + (-11 - (-14 - -4))?
0
Calculate (23 - 10) + -50 + -56 + 37.
-56
What is -68 + 62 + 0 + -14 + (-45 - 52)?
-117
What is the value of 8 - (32 + (-9 - -18)) - (-3 - (1 - -2))?
-27
Evaluate -60 + 2 + 363 + -361 + (-3 - -10).
-49
Evaluate 2 + 170 + -163 + -107 + -4 + 10 + -5.
-97
Calculate (73 + -65 - (6 - -20)) + -32 - 0.
-50
38 + -39 + -17 + 0 - -11 - 16
-23
What is the value of (171 - 167 - (69 - -2)) + (-2 - -12)?
-57
Calculate (-2 + -5 - ((3 - -1) + 24)) + 4.
-31
Evaluate 13 + -17 + -2 + -4 + 8 + -12 - 98.
-112
Calculate -42 + (14 + -21 - -11).
-38
Evaluate -20 - -14 - ((4 - 9) + -3 + 2).
0
What is (26 - -2) + -11 + -8 + (16 - (0 + 4))?
21
What is 9 - (8 + -3 + (6 - 14) + 21)?
-9
What is the value of -28 + 29 + (0 - 23) + (0 - (14 + -4))?
-32
What is the value of 7 - (16 - 12 - -6 - (3 + -6) - 2)?
-4
What is -1 + 1 - ((14 - 10) + -1 - -8 - 67)?
56
Evaluate (-16 - 0) + (19 - (4 + 1)) + 305 + -316.
-13
Evaluate 1 + -1 - ((1 - -1) + -83) - (-20330 - -20340).
71
63 + (19 - ((-18 - 7) + 5 + 36))
66
124 + (-2439 + 2453 - (-1 + 1 - -24)) + 16
130
What is (0 - -2 - (-21 - -2) - 8) + -28?
-15
Calculate (83 - (49 + 2)) + 38.
70
What is 0 - 6 - -20 - (4 - (10 - -4)) - 0?
24
What is the value of (87 - 88) + (-1 - (39 + (-3 - -6)))?
-44
(-31 - (-18 + -121)) + -41
67
What is -11 + -1 + (68 + -130 + 39 - (0 - 18))?
-17
What is 1 + (82 + -158 + 71 - (2 - (0 + 25)))?
19
What is the value of (12 - (-15 - (-5 + 20 - 51))) +